{"id":8149,"date":"2017-08-22T19:07:39","date_gmt":"2017-08-22T16:07:39","guid":{"rendered":"https:\/\/www.bekirerdogan.com\/about-us\/"},"modified":"2024-09-17T14:37:51","modified_gmt":"2024-09-17T11:37:51","slug":"about-us","status":"publish","type":"page","link":"https:\/\/www.bekirerdogan.com\/en\/about-us\/","title":{"rendered":"About Us"},"content":{"rendered":"<p>[vc_row][vc_column offset=&#8221;vc_hidden-sm vc_hidden-xs&#8221;][vc_empty_space height=&#8221;40px&#8221;][\/vc_column][\/vc_row][vc_row css=&#8221;.vc_custom_1643922180587{margin-right: 20px !important;margin-bottom: 60px !important;margin-left: 20px !important;}&#8221;][vc_column][vc_row_inner][vc_column_inner width=&#8221;2\/3&#8243;][vc_column_text]<\/p>\n<p style=\"font-size: 12px;\">Bearchitects is an Istanbul-based design and implementation studio that has realized many successful domestic and international projects under its roof.<\/p>\n<p style=\"font-size: 12px;\">The company was established in 2019; Architecture, interior architecture, application project, turnkey, a critical analysis through the lens of urbanism and interiors produces an interdisciplinary workflow with an approach.<\/p>\n<p style=\"font-size: 12px;\">By offering original solutions to creativity and innovation in a modern line, we are able to create solutions for the people we work with and according to the spatial needs and tastes of the institutions, it takes care to offer comfort and aesthetics together.<\/p>\n<p>[\/vc_column_text][\/vc_column_inner][vc_column_inner width=&#8221;1\/3&#8243;][\/vc_column_inner][\/vc_row_inner][vc_row_inner][vc_column_inner width=&#8221;1\/5&#8243;][vc_single_image image=&#8221;7886&#8243; img_size=&#8221;full&#8221;][vc_column_text]<\/p>\n<p style=\"font-size: 12px; font-weight: bold; line-height: 12px;\">Bekir Erdo\u011fan<\/p>\n<p style=\"font-size: 12px; font-style: italic; line-height: 12px;\">Architect \/ Founder Architect<\/p>\n<p>[\/vc_column_text][\/vc_column_inner][vc_column_inner width=&#8221;1\/5&#8243;][vc_single_image image=&#8221;8817&#8243; img_size=&#8221;full&#8221;][vc_column_text]<\/p>\n<p style=\"font-size: 12px; font-weight: bold; line-height: 12px;\">Ebru T\u00fcrkkan Karata\u015f<\/p>\n<p style=\"font-size: 12px; font-style: italic; line-height: 12px;\">Architect \/ General Coordinator<\/p>\n<p>[\/vc_column_text][\/vc_column_inner][vc_column_inner width=&#8221;1\/5&#8243;][vc_single_image image=&#8221;8753&#8243; img_size=&#8221;full&#8221;][vc_column_text]<\/p>\n<p style=\"font-size: 12px; font-weight: bold; line-height: 12px;\">Tu\u011f\u00e7e E\u015fkin<\/p>\n<p style=\"font-size: 12px; font-style: italic; line-height: 12px;\">Interior Architect \/ Concept Project Manager<\/p>\n<p>[\/vc_column_text][\/vc_column_inner][vc_column_inner width=&#8221;1\/5&#8243;][\/vc_column_inner][vc_column_inner width=&#8221;1\/5&#8243;][\/vc_column_inner][\/vc_row_inner][vc_row_inner][vc_column_inner width=&#8221;1\/5&#8243;][vc_single_image image=&#8221;7884&#8243; img_size=&#8221;full&#8221;][vc_column_text]<\/p>\n<p style=\"font-size: 12px; font-weight: bold; line-height: 12px;\">Samet Dalg\u0131\u00e7<\/p>\n<p style=\"font-size: 12px; font-style: italic; line-height: 12px;\">Architect \/ Concept Project Responsible<\/p>\n<p>[\/vc_column_text][\/vc_column_inner][vc_column_inner width=&#8221;1\/5&#8243;][vc_single_image image=&#8221;8769&#8243; img_size=&#8221;full&#8221;][vc_column_text]<\/p>\n<p style=\"font-size: 12px; font-weight: bold; line-height: 12px;\">Sena Sava\u015f<\/p>\n<p style=\"font-size: 12px; font-style: italic; line-height: 12px;\">Interior Designer \/ Concept Project Responsible<\/p>\n<p>[\/vc_column_text][\/vc_column_inner][vc_column_inner width=&#8221;1\/5&#8243;][vc_single_image image=&#8221;8759&#8243; img_size=&#8221;full&#8221;][vc_column_text]<\/p>\n<p style=\"font-size: 12px; font-weight: bold; line-height: 12px;\">Berent \u0130lyas Koca<\/p>\n<p style=\"font-size: 12px; font-style: italic; line-height: 12px;\">Interior Architect \/ Construction Site Responsible<\/p>\n<p>[\/vc_column_text][\/vc_column_inner][vc_column_inner width=&#8221;1\/5&#8243;][\/vc_column_inner][vc_column_inner width=&#8221;1\/5&#8243;][\/vc_column_inner][\/vc_row_inner][vc_row_inner][vc_column_inner width=&#8221;1\/5&#8243;][vc_single_image image=&#8221;8761&#8243; img_size=&#8221;full&#8221;][vc_column_text]<\/p>\n<p style=\"font-size: 12px; font-weight: bold; line-height: 12px;\">Ferdi \u00c7arkc\u0131<\/p>\n<p style=\"font-size: 12px; font-style: italic; line-height: 12px;\">Finance and Business Development Manager<\/p>\n<p>[\/vc_column_text][\/vc_column_inner][vc_column_inner width=&#8221;1\/5&#8243;][vc_single_image image=&#8221;7887&#8243; img_size=&#8221;full&#8221;][vc_column_text]<\/p>\n<p style=\"font-size: 12px; font-weight: bold; line-height: 12px;\">Emre Ko\u00e7ak<\/p>\n<p style=\"font-size: 12px; font-style: italic; line-height: 12px;\">European Business Development Manager<\/p>\n<p>[\/vc_column_text][\/vc_column_inner][vc_column_inner width=&#8221;1\/5&#8243;][\/vc_column_inner][vc_column_inner width=&#8221;1\/5&#8243;][\/vc_column_inner][vc_column_inner width=&#8221;1\/5&#8243;][\/vc_column_inner][\/vc_row_inner][\/vc_column][\/vc_row]<\/p>\n","protected":false},"excerpt":{"rendered":"<p>[vc_row][vc_column offset=&#8221;vc_hidden-sm vc_hidden-xs&#8221;][vc_empty_space height=&#8221;40px&#8221;][\/vc_column][\/vc_row][vc_row css=&#8221;.vc_custom_1643922180587{margin-right: 20px !important;margin-bottom: 60px !important;margin-left: 20px !important;}&#8221;][vc_column][vc_row_inner][vc_column_inner width=&#8221;2\/3&#8243;][vc_column_text] Bearchitects is an Istanbul-based design and implementation studio that has realized many successful domestic and international projects under its roof. The company was established in 2019; Architecture, interior architecture, application project, turnkey, a critical analysis through the lens of urbanism and interiors produces [&hellip;]<\/p>\n","protected":false},"author":1,"featured_media":0,"parent":0,"menu_order":0,"comment_status":"closed","ping_status":"closed","template":"","meta":{"footnotes":""},"class_list":["post-8149","page","type-page","status-publish","hentry"],"_links":{"self":[{"href":"https:\/\/www.bekirerdogan.com\/en\/wp-json\/wp\/v2\/pages\/8149","targetHints":{"allow":["GET"]}}],"collection":[{"href":"https:\/\/www.bekirerdogan.com\/en\/wp-json\/wp\/v2\/pages"}],"about":[{"href":"https:\/\/www.bekirerdogan.com\/en\/wp-json\/wp\/v2\/types\/page"}],"author":[{"embeddable":true,"href":"https:\/\/www.bekirerdogan.com\/en\/wp-json\/wp\/v2\/users\/1"}],"replies":[{"embeddable":true,"href":"https:\/\/www.bekirerdogan.com\/en\/wp-json\/wp\/v2\/comments?post=8149"}],"version-history":[{"count":1,"href":"https:\/\/www.bekirerdogan.com\/en\/wp-json\/wp\/v2\/pages\/8149\/revisions"}],"predecessor-version":[{"id":8819,"href":"https:\/\/www.bekirerdogan.com\/en\/wp-json\/wp\/v2\/pages\/8149\/revisions\/8819"}],"wp:attachment":[{"href":"https:\/\/www.bekirerdogan.com\/en\/wp-json\/wp\/v2\/media?parent=8149"}],"curies":[{"name":"wp","href":"https:\/\/api.w.org\/{rel}","templated":true}]}}

<p>[vc_row][vc_column offset=&#8221;vc_hidden-sm vc_hidden-xs&#8221;][vc_empty_space height=&#8221;40px&#8221;][/vc_column][/vc_row][vc_row css=&#8221;.vc_custom_1643922180587{margin-right: 20px !important;margin-bottom: 60px !important;margin-left: 20px !important;}&#8221;][vc_column][vc_row_inner][vc_column_inner width=&#8221;2/3&#8243;][vc_column_text]</p>
<p style="font-size: 12px;">Bearchitects is an Istanbul-based design and implementation studio that has realized many successful domestic and international projects under its roof.</p>
<p style="font-size: 12px;">The company was established in 2019; Architecture, interior architecture, application project, turnkey, a critical analysis through the lens of urbanism and interiors produces an interdisciplinary workflow with an approach.</p>
<p style="font-size: 12px;">By offering original solutions to creativity and innovation in a modern line, we are able to create solutions for the people we work with and according to the spatial needs and tastes of the institutions, it takes care to offer comfort and aesthetics together.</p>
<p>[/vc_column_text][/vc_column_inner][vc_column_inner width=&#8221;1/3&#8243;][/vc_column_inner][/vc_row_inner][vc_row_inner][vc_column_inner width=&#8221;1/5&#8243;][vc_single_image image=&#8221;7886&#8243; img_size=&#8221;full&#8221;][vc_column_text]</p>
<p style="font-size: 12px; font-weight: bold; line-height: 12px;">Bekir Erdoğan</p>
<p style="font-size: 12px; font-style: italic; line-height: 12px;">Architect / Founder Architect</p>
<p>[/vc_column_text][/vc_column_inner][vc_column_inner width=&#8221;1/5&#8243;][vc_single_image image=&#8221;8817&#8243; img_size=&#8221;full&#8221;][vc_column_text]</p>
<p style="font-size: 12px; font-weight: bold; line-height: 12px;">Ebru Türkkan Karataş</p>
<p style="font-size: 12px; font-style: italic; line-height: 12px;">Architect / General Coordinator</p>
<p>[/vc_column_text][/vc_column_inner][vc_column_inner width=&#8221;1/5&#8243;][vc_single_image image=&#8221;8753&#8243; img_size=&#8221;full&#8221;][vc_column_text]</p>
<p style="font-size: 12px; font-weight: bold; line-height: 12px;">Tuğçe Eşkin</p>
<p style="font-size: 12px; font-style: italic; line-height: 12px;">Interior Architect / Concept Project Manager</p>
<p>[/vc_column_text][/vc_column_inner][vc_column_inner width=&#8221;1/5&#8243;][/vc_column_inner][vc_column_inner width=&#8221;1/5&#8243;][/vc_column_inner][/vc_row_inner][vc_row_inner][vc_column_inner width=&#8221;1/5&#8243;][vc_single_image image=&#8221;7884&#8243; img_size=&#8221;full&#8221;][vc_column_text]</p>
<p style="font-size: 12px; font-weight: bold; line-height: 12px;">Samet Dalgıç</p>
<p style="font-size: 12px; font-style: italic; line-height: 12px;">Architect / Concept Project Responsible</p>
<p>[/vc_column_text][/vc_column_inner][vc_column_inner width=&#8221;1/5&#8243;][vc_single_image image=&#8221;8769&#8243; img_size=&#8221;full&#8221;][vc_column_text]</p>
<p style="font-size: 12px; font-weight: bold; line-height: 12px;">Sena Savaş</p>
<p style="font-size: 12px; font-style: italic; line-height: 12px;">Interior Designer / Concept Project Responsible</p>
<p>[/vc_column_text][/vc_column_inner][vc_column_inner width=&#8221;1/5&#8243;][vc_single_image image=&#8221;8759&#8243; img_size=&#8221;full&#8221;][vc_column_text]</p>
<p style="font-size: 12px; font-weight: bold; line-height: 12px;">Berent İlyas Koca</p>
<p style="font-size: 12px; font-style: italic; line-height: 12px;">Interior Architect / Construction Site Responsible</p>
<p>[/vc_column_text][/vc_column_inner][vc_column_inner width=&#8221;1/5&#8243;][/vc_column_inner][vc_column_inner width=&#8221;1/5&#8243;][/vc_column_inner][/vc_row_inner][vc_row_inner][vc_column_inner width=&#8221;1/5&#8243;][vc_single_image image=&#8221;8761&#8243; img_size=&#8221;full&#8221;][vc_column_text]</p>
<p style="font-size: 12px; font-weight: bold; line-height: 12px;">Ferdi Çarkcı</p>
<p style="font-size: 12px; font-style: italic; line-height: 12px;">Finance and Business Development Manager</p>
<p>[/vc_column_text][/vc_column_inner][vc_column_inner width=&#8221;1/5&#8243;][vc_single_image image=&#8221;7887&#8243; img_size=&#8221;full&#8221;][vc_column_text]</p>
<p style="font-size: 12px; font-weight: bold; line-height: 12px;">Emre Koçak</p>
<p style="font-size: 12px; font-style: italic; line-height: 12px;">European Business Development Manager</p>
<p>[/vc_column_text][/vc_column_inner][vc_column_inner width=&#8221;1/5&#8243;][/vc_column_inner][vc_column_inner width=&#8221;1/5&#8243;][/vc_column_inner][vc_column_inner width=&#8221;1/5&#8243;][/vc_column_inner][/vc_row_inner][/vc_column][/vc_row]</p>
